4 and 167.
167
Calculate the greatest common divisor of 336 and 924.
84
Calculate the greatest common factor of 36673 and 7.
7
What is the greatest common factor of 71 and 5041?
71
What is the greatest common factor of 13488 and 4?
4
What is the greatest common divisor of 570 and 30?
30
What is the highest common factor of 255 and 170?
85
What is the greatest common factor of 8 and 4168?
8
What is the highest common divisor of 476 and 272?
68
What is the highest common factor of 64 and 1160?
8
What is the highest common factor of 94160 and 107?
107
Calculate the greatest common divisor of 4900 and 98.
98
What is the greatest common factor of 273 and 104?
13
What is the highest common divisor of 1680 and 1320?
120
Calculate the highest common divisor of 560 and 630.
70
Calculate the highest common factor of 10 and 974.
2
What is the greatest common divisor of 14 and 826?
14
What is the greatest common divisor of 116 and 2?
2
Calculate the greatest common divisor of 44 and 6358.
22
Calculate the greatest common divisor of 4250 and 125.
125
Calculate the greatest common factor of 57278 and 26.
26
What is the highest common divisor of 11 and 143?
11
What is the highest common factor of 32121 and 83?
83
Calculate the highest common divisor of 325 and 455.
65
What is the highest common factor of 128 and 2624?
64
What is the greatest common factor of 1335 and 15?
15
Calculate the greatest common factor of 7 and 7441.
7
What is the greatest common divisor of 18 and 198?
18
Calculate the greatest common factor of 91987 and 119.
119
Calculate the highest common factor of 42 and 238.
14
What is the greatest common divisor of 101 and 303?
101
What is the greatest common factor of 30 and 12?
6
Calculate the highest common divisor of 81 and 2916.
81
What is the greatest common factor of 64 and 11936?
32
What is the highest common divisor of 214 and 12091?
107
What is the greatest common divisor of 71984 and 176?
176
What is the highest common divisor of 69 and 138?
69
What is the highest common divisor of 201 and 67?
67
What is the highest common divisor of 24 and 1032?
24
Calculate the greatest common factor of 4465 and 380.
95
Calculate the highest common factor of 21 and 4.
1
What is the greatest common factor of 48660 and 12?
12
Calculate the highest common divisor of 48 and 48.
48
What is the highest common divisor of 15 and 9?
3
What is the highest common divisor of 12 and 68?
4
Calculate the greatest common divisor of 845 and 1105.
65
What is the greatest common factor of 3060 and 160?
20
Calculate the greatest common divisor of 114 and 798.
114
What is the greatest common factor of 2813 and 485?
97
What is the highest common factor of 768 and 24?
24
Calculate the greatest common divisor of 4 and 1660.
4
What is the greatest common divisor of 231 and 3399?
33
Calculate the greatest common divisor of 2 and 226.
2
Calculate the highest common divisor of 25 and 3925.
25
What is the greatest common factor of 47531 and 638?
319
Calculate the highest common divisor of 912 and 28.
4
Calculate the highest common factor of 32 and 32.
32
Calculate the greatest common divisor of 99 and 121.
11
Calculate the highest common divisor of 160 and 9504.
32
Calculate the greatest common divisor of 180 and 6588.
36
What is the greatest common factor of 1457 and 47?
47
What is the greatest common divisor of 19 and 304?
19
Calculate the greatest common divisor of 4477 and 121.
121
Calculate the highest common divisor of 36 and 1992.
12
What is the highest common factor of 47 and 235?
47
Calculate the greatest common factor of 1219 and 23.
23
Calculate the greatest common divisor of 1633 and 1136.
71
Calculate the greatest common divisor of 410 and 50.
10
What is the greatest common divisor of 1264 and 16?
16
Calculate the greatest common factor of 37 and 703.
37
Calculate the greatest common factor of 7 and 2.
1
Calculate the highest common divisor of 144 and 90.
18
Calculate the greatest common factor of 1490 and 2086.
298
What is the highest common divisor of 30 and 180?
30
Calculate the greatest common factor of 2 and 64.
2
Calculate the greatest common divisor of 128 and 31.
1
What is the greatest common divisor of 4059 and 123?
123
What is the greatest common factor of 1311 and 138?
69
Calculate the greatest common divisor of 14 and 6377.
7
Calculate the greatest common divisor of 69 and 115.
23
Calculate the greatest common factor of 228 and 1748.
76
Calculate the greatest common divisor of 4096 and 16.
16
Calculate the greatest common factor of 729 and 18.
9
Calculate the greatest common divisor of 432 and 3276.
36
Calculate the highest common divisor of 492 and 18.
6
Calculate the highest common factor of 161 and 322.
161
What is the highest common divisor of 68 and 34?
34
What is the greatest common divisor of 9328 and 352?
176
Calculate the greatest common factor of 5363 and 62.
31
What is the highest common factor of 14 and 1778?
14
What is the highest common factor of 7373 and 505?
101
Calculate the greatest common divisor of 30 and 2364.
6
What is the greatest common factor of 27 and 1086?
3
What is the greatest common factor of 4403 and 119?
119
Calculate the highest common divisor of 12 and 53796.
12
What is the greatest common factor of 1417 and 13?
13
Calculate the greatest common factor of 6 and 564.
6
What is the highest common factor of 26 and 6331?
13
What is the highest common factor of 8690 and 110?
110
What is the greatest common divisor of 950 and 95?
95
What is the highest common factor of 10 and 95?
5
Calculate the greatest common divisor of 728 and 624.
104
What is the highest common factor of 93 and 9?
3
Calculate the greatest common divisor of 8 and 76.
4
Calculate the greatest common divisor of 80 and 6840.
40
What is the greatest common divisor of 162 and 180?
18
What is the greatest common divisor of 225 and 9?
9
What is the greatest common factor of 110 and 12650?
110
What is the greatest common factor of 372 and 279?
93
Calculate the greatest common divisor of 568 and 16.
8
Calculate the highest common divisor of 306 and 2822.
34
What is the greatest common divisor of 38 and 1235?
19
What is the highest common divisor of 158 and 51982?
158
Calculate the greatest common divisor of 79 and 1422.
79
What is the highest common divisor of 7619 and 57?
19
Calculate the greatest common divisor of 1147 and 555.
37
What is the greatest common factor of 4 and 148?
4
What is the greatest common factor of 36 and 657?
9
What is the greatest common divisor of 88 and 275?
11
What is the highest common factor of 98 and 462?
14
What is the greatest common factor of 61 and 1?
1
What is the highest common factor of 1750 and 98?
14
What is the highest common divisor of 1216 and 456?
152
What is the greatest common divisor of 234 and 18?
18
What is the greatest common factor of 351 and 27?
27
What is the highest common factor of 3596 and 1240?
124
Calculate the highest common factor of 9 and 153.
9
What is the greatest common divisor of 5332 and 43?
43
Calculate the greatest common divisor of 483 and 138.
69
What is the greatest common factor of 405 and 729?
81
What is the highest common factor of 3175 and 2794?
127
What is the highest common divisor of 12 and 1356?
12
Calculate the greatest common factor of 224 and 70.
14
Calculate the highest common factor of 4250 and 25.
25
What is the greatest common factor of 160 and 30?
10
What is the highest common divisor of 18 and 41598?
18
Calculate the greatest common factor of 37832 and 8.
8
Calculate the highest common factor of 3649 and 41.
41
What is the highest common factor of 21 and 168?
21
What is the highest common factor of 861 and 84?
21
Calculate the greatest common divisor of 84 and 144.
12
What is the greatest common divisor of 71 and 2?
1
What is the highest common factor of 35 and 14?
7
Calculate the greatest common divisor of 1414 and 8.
2
Calculate the greatest common factor of 42 and 71169.
21
Calculate the greatest common factor of 176 and 112.
16
What is the highest common divisor of 1421 and 1617?
49
Calculate the greatest common divisor of 512 and 16.
16
Calculate the greatest common divisor of 81 and 756.
27
What is the greatest common factor of 3066 and 126?
42
Calculate the highest co